2*s + 39, 0 = u + l*s - v. What is the tens digit of u?
1
Let t(z) = -z**3 + 12*z**2 + 15*z + 6. Let g be t(10). Let x = 641 - g. What is the hundreds digit of x?
2
Suppose 94*k = -19*k + 1416394 - 227973. What is the units digit of k?
7
Suppose 12*b - 14*b = -4*c + 38756, -3*b = 0. What is the hundreds digit of c?
6
Suppose -4*r + 5*o = -9*r + 10, 2*r + 3*o - 5 = 0. Let x be 75/(-25) + 183/(1/r). Suppose -4*c + x + 196 = 5*z, -4*z = 5*c - 461. What is the units digit of c?
9
Suppose -6*h + 9210 = 1530. What is the thousands digit of h?
1
Suppose -10*s + 49382 = -158938. What is the thousands digit of s?
0
Let n(p) = 4*p + 26. Let g be n(-5). Suppose 2*z = g*z + 40. What is the hundreds digit of (112/z)/((11 - 6)/(-50))?
1
Let s(z) be the second derivative of -z**5/10 + 2*z**4/3 - 2*z**3 - 57*z**2/2 - 74*z. What is the units digit of s(-6)?
5
Let t(g) = 11*g + 138. Let k be t(-15). Let r(n) = 2*n**3 + 56*n**2 + 17*n + 26. What is the units digit of r(k)?
5
What is the tens digit of (-3812)/(-3) + (-10)/15?
7
Suppose 6715 + 3881 = 3*j. What is the hundreds digit of j/10 + (8/10 - 1)?
3
Let s be (19 + -18)/((-1)/3) - -11. Suppose -s*p + 25*p = 16082. What is the hundreds digit of p?
9
Let j = -2353 + 8673. Suppose 2*f + 8*f = j. What is the hundreds digit of f?
6
Let c = 68 + -63. Suppose 2*k - o - 17 = 0, 2*k - c*k = 5*o - 6. Suppose k*u - 472 = 3*u. What is the hundreds digit of u?
1
Let f = 13848 + -4354. What is the thousands digit of f?
9
Let y(o) = 19*o**2 - o - 2. Let g be y(-1). Suppose 3*n + 13 = 4*r, r = 5*r + 2*n - g. What is the units digit of (-129 - 2)/(r - 5)?
1
Let v(r) be the third derivative of 0 + 0*r - 22*r**2 + 5/12*r**4 - 3*r**3. What is the tens digit of v(24)?
2
Suppose 318874 = 120*d - 98969 - 690357. What is the hundreds digit of d?
2
Suppose -1 = -6*n + 11. Suppose 2*o = -4, -n*g + 47 - 11 = 3*o. What is the units digit of 14/g*(-141)/(-2)?
7
Let y(m) = 1154*m + 45. Let k be y(2). Suppose -20795 = -36*o + k. What is the tens digit of o?
4
Let n(t) = -1 - 7 + 5*t + 7*t**2 - 4*t**2. Suppose -2*g - 2*o + 12 = 0, -10 = -4*g - 47*o + 50*o. What is the units digit of n(g)?
0
Let y = -790 - -792. Suppose -1724 = -y*x + 1760. What is the thousands digit of x?
1
Let i(l) = 184*l**2 - 90*l + 244. What is the thousands digit of i(-13)?
2
Suppose 4*y - 359448 = 4*k, 3*k + 305516 = 4*y - 53933. What is the hundreds digit of y?
8
Suppose 6*p + 62978 = 4*a, -3*p = 3*a - 12028 - 35228. What is the thousands digit of a?
5
Suppose -59*f + 22691 = -16706 - 693383. What is the tens digit of f?
2
Let m(z) = 35*z**2 + 2*z - 41. Let g be m(6). Suppose 5*f - g = -4*r + 110, 5*r - 1080 = -4*f. What is the tens digit of f?
6
What is the ten thousands digit of -1 + (0 - -13873) + (14 + 2 - 15)?
1
What is the hundreds digit of 12997 + -18 + 10 - -9?
9
Let l = -6286 + 9171. Suppose 2348 = 4*r + 4*q, -5*r = 4*q - 9*q - l. What is the tens digit of r?
8
Let f = 65028 + -39014. What is the ten thousands digit of f?
2
Let f be (-26)/(-169) - (-106)/(-13). Let n = f + 10. Suppose -506 = p - 5*p + n*o, -5*o + 625 = 5*p. What is the tens digit of p?
2
Suppose -3*l + 54 - 21 = 0. Suppose -2*y - 6*g = -3*g - 7, -5*y = -2*g + l. What is the units digit of (y + 3 - 25)/(0 + -1)?
3
Let o(g) = 14 + g + 9*g**2 + g - 64*g**3 + 65*g**3. Let n be o(-9). What is the units digit of (-159)/(-6)*n*(-3)/6?
3
Suppose 75 = -4*a - 29. What is the units digit of (-80 - a)/((-1)/5)?
0
Let v(q) = -q**3 + 10*q**2 + 10*q - 1. Let c be v(11). Let z(u) = 7*u**2 + 43*u + 24. What is the hundreds digit of z(c)?
5
Let m(p) = -p**3 + 77*p**2 + 30*p + 215. What is the ten thousands digit of m(36)?
5
Let y = 11 + -2. Suppose y*o + 2 = 8*o. What is the tens digit of (-3501)/(-18) - 1/o?
9
Let m = 91 + -88. Suppose -4*z + 3*z = -4*b - 214, 690 = m*z + 4*b. What is the units digit of z?
6
Suppose 2*d - 15 = -d. Suppose 5*v = -4*b - 19, -4*v + b + 4 = -d*v. What is the tens digit of (-3)/(v - 213/(-72))?
7
Let j(i) be the third derivative of -229*i**4/24 + 5*i**3/3 + 90*i**2. What is the hundreds digit of j(-3)?
6
Suppose 3*h - u - 444 = 0, 4*u = -h - 0*u + 135. Let d be 1/2 - (-406)/(-4). Let j = h + d. What is the tens digit of j?
4
Suppose 5*o - 27 = 3*m, 0 = -3*m + 2*o - 1 - 17. Let v be (-27)/(-6) + -4 - 498/m. Suppose 3*s - 415 = b, -v = -s - 2*b - b. What is the units digit of s?
7
Let n = 413 - 1260. Let l = n - -1307. What is the units digit of l?
0
Suppose -24*g - 4*r + 31606 = -23*g, -6*g - 2*r = -189614. What is the units digit of g?
2
Suppose 4*l - 6*l + 2 = 0. Let n(c) = -4*c - 133148 + 133147 + 7*c + 184*c**3 - 3*c**2. What is the tens digit of n(l)?
8
Let t(h) = -319 - 3*h - 349 + h**2 + 630. What is the tens digit of t(-14)?
0
Let a = 39350 - 22376. What is the hundreds digit of a?
9
Let p(q) = 41*q + 264. Let g be p(35). Let v = g + -175. What is the hundreds digit of v?
5
Suppose 5*x - 29 = -2*g, -2*x + g = -8 - 0. Suppose -125 = -x*d + 2040. What is the units digit of d?
3
Suppose 18*z + 5151396 = 169*z + 764846. What is the tens digit of z?
5
Let d be -2 - (0 - (2 + 48)). Let v(l) = l**3 - 64*l**2 + 64*l - 59. Let g be v(63). Suppose 3*x + f + g*f = d, -f = 0. What is the units digit of x?
6
Let u(a) = -2*a**3 + 181*a**2 + 48*a - 554. What is the thousands digit of u(89)?
7
Let z = -62 + 82. Suppose 69*o + z = 74*o. Suppose o*u + 2*i = 2*u + 6, -5*u = 2*i - 24. What is the units digit of u?
6
What is the units digit of 16247 - ((-330)/(-105) + 2/(-14))?
4
Suppose -4*r + 5*h - 282 = -93, 5*r = 2*h - 215. Let y be r/4 - 7/(-28). What is the units digit of -1 + (y/35 - (-32)/14)?
1
Let u(z) = 23*z - 1. Let n be u(-1). Let t be 51/(-9) - (-2)/3. Let s = t - n. What is the tens digit of s?
1
What is the tens digit of (227190/15)/((-6)/(-21))?
1
Suppose -4248 = -2*p - 10*p. Let t = p + -188. What is the hundreds digit of t?
1
Suppose c = -17 + 80. Suppose -12 = -0*r - 4*r. Suppose r*x = c + 90. What is the tens digit of x?
5
Let f(w) = 3*w**3 + 19*w**2 + 6*w - 2. Let v(c) = -4*c**3 - 20*c**2 - 7*c + 2. Let i(z) = 6*f(z) + 5*v(z). What is the hundreds digit of i(-3)?
1
Let k = 174 + -177. What is the units digit of (27 + k)/6 + 57?
1
Let y(k) = 57*k**2 - 2*k - 13. Let r(c) = -c**3 + 15*c**2 - 12*c - 31. Let q be r(14). What is the tens digit of y(q)?
0
Let m(g) = 2*g**3 - 6*g**2 + g - 11. Let f be m(6). Suppose -5*t - f = 3*w - 4*w, 5 = 5*t. What is the tens digit of w?
1
Let q = 10 + 5. Suppose q = 5*u - 4*m, -3*u - 6 = m - 15. Suppose -3*p - u*o = 66 - 255, -3*o = 5*p - 313. What is the tens digit of p?
6
Let z(x) = 122*x**2 - 9*x + 10. Let f be z(7). Suppose 0 = -31*r + 36*r - f. Suppose -8*s + r + 63 = 0. What is the units digit of s?
6
Let p(s) = s**3 + 3*s**2 - 4*s - 7. Let n be p(-3). Suppose -1269 = -2*b - n*r, b - r - 834 = -210. What is the hundreds digit of b?
6
Suppose -2*j + 6 = -4*b, -6*j + 5*j + 3 = -5*b. Suppose -j*w + 5*w = 810. What is the tens digit of w?
0
Suppose i + 0*d + 5*d - 1388 = 0, 3*i = 2*d + 4130. Suppose 0 = 5*g - 4*z - i, 1399 = 29*g - 24*g + 3*z. What is the tens digit of g?
7
Suppose 1051352 = 45*k + 68*k. What is the tens digit of k?
0
Suppose -4*h + 3481 + 1337 = 3*z, -4*h + 12 = 0. What is the hundreds digit of z?
6
Let o be (1/(-9))/(-1) - 865/7785. Suppose 0 = -3*p + 2*p + 885. Suppose o = 46*n - 41*n - p. What is the hundreds digit of n?
1
Let v(o) = 2*o**3 - 6*o**2 - 65*o + 380. What is the hundreds digit of v(8)?
5
Suppose 28*j - 23766 = 67583 + 17907. What is the units digit of j?
2
Suppose 4*f - 2*y + 5122 = 0, -2762 - 1107 = 3*f + 4*y. Let s = -338 - f. What is the tens digit of s?
4
Suppose p - 5*r - 3033 = 0, 5*p - 15165 = -17*r + 20*r. What is the hundreds digit of p?
0
Let i(c) = c**2 + 25*c - 97. Let u = -473 - -437. What is the units digit of i(u)?
9
Let s(w) be the third derivative of w**6/60 + w**5/10 + 2*w**4/3 - 34*w**3/3 - w**2 - 8. What is the hundreds digit of s(5)?
4
Let o = -8930 - -10057. What is the thousands digit of o?
1
Suppose 0 = 9*b - 446 - 211. Suppose -4*n + 4*y + 4612 = 0, 2*y + b = 83. What is the units digit of n?
8
Let b(y) = 1443*y + 171. What is the hundreds digit of b(6)?
8
Suppose -69 = -2*o - 3*g - 5, -3*o + 99 = 3*g. Suppose -o*n + 20325 = 1810. What is the tens digit of n?
2
Let d(x) = 4 + 